{"id":7070,"date":"2022-08-11T22:59:20","date_gmt":"2022-08-11T20:59:20","guid":{"rendered":"http:\/\/gaq.be\/?page_id=7070"},"modified":"2023-09-07T11:04:47","modified_gmt":"2023-09-07T09:04:47","slug":"2022-iq-articles-et-traductions","status":"publish","type":"gaq_pub_cpt","link":"https:\/\/gaq.be\/en\/publication\/2022-iq-articles-et-traductions\/","title":{"rendered":"Infor-Quartier 2022 &#8211; articles suppl\u00e9mentaires et traductions"},"content":{"rendered":"\n<div class=\"wp-block-group has-global-padding is-layout-constrained wp-block-group-is-layout-constrained\" style=\"padding-bottom:var(--wp--preset--spacing--40)\"><div class=\"wp-block-gaq-post-header\">\n    \n        <div class=\"post-header__content\">\n        <p class=\"post-header__date\"><span>Published on<\/span> : 11 Aug 2022        <\/p>\n            <\/div>\n<\/div><\/div>\n\n\n\n<ul class=\"wp-block-list\">\n<li><strong>Urbanisme &#8211; Une vision partag\u00e9e pour le quartier europ\u00e9en<\/strong>\n<ul class=\"wp-block-list\">\n<li><a href=\"https:\/\/gaq.media-animation.dev\/iq2022-04\/\">Projet et recommandations de la Ville &#8211; Vision partag\u00e9e &#8211; p.8<\/a><\/li>\n\n\n\n<li>PDF: <a href=\"https:\/\/gaq.media-animation.dev\/wp-content\/uploads\/2022\/08\/018_Recommandations-pour-le-Quartier-Europeen.pdf\" data-type=\"URL\" data-id=\"https:\/\/gaq.media-animation.dev\/wp-content\/uploads\/2022\/08\/018_Recommandations-pour-le-Quartier-Europeen.pdf\">Vision et recommandations Quartier europ\u00e9en &#8211; Visie en Aanbevelingen Europese Wijk<\/a><br>Source: Ville de Bruxelles<\/li>\n\n\n\n<li><a href=\"https:\/\/gaq.media-animation.dev\/iq2022-05\/\">Entretien avec Stefaan De Rynck &#8211; Repr\u00e9sentant de la Commission europ\u00e9enne &#8211; p.8<\/a><\/li>\n\n\n\n<li><a href=\"https:\/\/gaq.media-animation.dev\/iq2022-15\/\">Entretien avec Pierre Lemaire &#8211; Une vision partag\u00e9e pour le Quartier europ\u00e9en &#8211; p.27<\/a><\/li>\n\n\n\n<li><a href=\"https:\/\/gaq.media-animation.dev\/iq2022-06\/\">Saga Schuman &#8211; p.28<\/a><\/li>\n<\/ul>\n<\/li>\n\n\n\n<li><strong>Energie <\/strong>&#8211; <strong>Pour mieux comprendre certaines questions relatives \u00e0 l&#8217;\u00e9nergie<\/strong>\n<ul class=\"wp-block-list\">\n<li><a href=\"https:\/\/gaq.media-animation.dev\/iq2022-09\/\">Entretien avec Lorette Rousseau &#8211; Plus-value du certificat PEB &#8211; p.20<\/a><\/li>\n\n\n\n<li><a href=\"https:\/\/gaq.media-animation.dev\/2022\/08\/iq2022-10\/\">Communaut\u00e9s d\u2019\u00e9nergie  &#8211; p.20<\/a><\/li>\n\n\n\n<li><a href=\"https:\/\/gaq.media-animation.dev\/iq2022-11\/\">Mesure de l&#8217;impact carbone &#8211;  p.20<\/a><\/li>\n\n\n\n<li><a href=\"https:\/\/gaq.media-animation.dev\/iq2022-12\/\">R\u00e9sum\u00e9 des primes \u00e9nerg\u00e9tiques \u00e0 Bruxelles &#8211; p.20<\/a><\/li>\n<\/ul>\n<\/li>\n\n\n\n<li><a href=\"https:\/\/gaq.media-animation.dev\/conseil-de-quartier\/\"><strong>Le Conseil de Quartier en panne ? &#8211; p.29<\/strong><\/a>\n<ul class=\"wp-block-list\">\n<li>NL &#8211; <a href=\"https:\/\/gaq.media-animation.dev\/iq2022-13\/\">De Buurtraad<\/a><\/li>\n\n\n\n<li>EN &#8211; <a href=\"https:\/\/gaq.media-animation.dev\/iq2022-13#engl\">Neighbourhood Council<\/a><\/li>\n\n\n\n<li>PDF: <a href=\"https:\/\/gaq.media-animation.dev\/wp-content\/uploads\/2022\/08\/2022_Liste-des-projets-vote-et-budgets.pdf\">Liste des projets vote et budgets<\/a><\/li>\n\n\n\n<li>PDF: <a href=\"https:\/\/gaq.media-animation.dev\/wp-content\/uploads\/2022\/08\/Tableau-synthese-suivi-des-projets-budget-participatif.pdf\">Tableau synthese suivi des projets budget participatif<\/a><\/li>\n<\/ul>\n<\/li>\n\n\n\n<li><a href=\"https:\/\/gaq.media-animation.dev\/iq2022-02\/\">Tchip tchip Hourra &#8211; p.7<\/a><\/li>\n\n\n\n<li><a href=\"https:\/\/gaq.media-animation.dev\/iq2022-14\/\">Les chiens dans les squares &#8211; p.30<\/a><\/li>\n<\/ul>\n","protected":false},"excerpt":{"rendered":"<p>Infor-Quartier, le bulletin annuel du GAQ asbl est distribu\u00e9<br \/>\ngratuitement dans toutes les bo\u00eetes aux lettres du Quartier<br \/>\neurop\u00e9en de la Ville de Bruxelles.<\/p>\n","protected":false},"author":1,"featured_media":8504,"template":"","meta":{"_EventAllDay":false,"_EventTimezone":"","_EventStartDate":"","_EventEndDate":"","_EventStartDateUTC":"","_EventEndDateUTC":"","_EventShowMap":false,"_EventShowMapLink":false,"_EventURL":"","_EventCost":"","_EventCostDescription":"","_EventCurrencySymbol":"","_EventCurrencyCode":"","_EventCurrencyPosition":"","_EventDateTimeSeparator":"","_EventTimeRangeSeparator":"","_EventOrganizerID":[],"_EventVenueID":[],"_OrganizerEmail":"","_OrganizerPhone":"","_OrganizerWebsite":"","_VenueAddress":"","_VenueCity":"","_VenueCountry":"","_VenueProvince":"","_VenueState":"","_VenueZip":"","_VenuePhone":"","_VenueURL":"","_VenueStateProvince":"","_VenueLat":"","_VenueLng":"","_VenueShowMap":false,"_VenueShowMapLink":false},"class_list":["post-7070","gaq_pub_cpt","type-gaq_pub_cpt","status-publish","has-post-thumbnail","hentry"],"_links":{"self":[{"href":"https:\/\/gaq.be\/en\/wp-json\/wp\/v2\/gaq_pub_cpt\/7070","targetHints":{"allow":["GET"]}}],"collection":[{"href":"https:\/\/gaq.be\/en\/wp-json\/wp\/v2\/gaq_pub_cpt"}],"about":[{"href":"https:\/\/gaq.be\/en\/wp-json\/wp\/v2\/types\/gaq_pub_cpt"}],"author":[{"embeddable":true,"href":"https:\/\/gaq.be\/en\/wp-json\/wp\/v2\/users\/1"}],"wp:featuredmedia":[{"embeddable":true,"href":"https:\/\/gaq.be\/en\/wp-json\/wp\/v2\/media\/8504"}],"wp:attachment":[{"href":"https:\/\/gaq.be\/en\/wp-json\/wp\/v2\/media?parent=7070"}],"curies":[{"name":"wp","href":"https:\/\/api.w.org\/{rel}","templated":true}]}}

Infor-Quartier 2022 &#8211; articles supplémentaires et traductions

<div class="wp-block-group has-global-padding is-layout-constrained wp-block-group-is-layout-constrained" style="padding-bottom:var(--wp--preset--spacing--40)"><div class="wp-block-gaq-post-header">
    
        <div class="post-header__content">
        <p class="post-header__date"><span>Published on</span> : 11 Aug 2022        </p>
            </div>
</div></div>



<ul class="wp-block-list">
<li><strong>Urbanisme &#8211; Une vision partagée pour le quartier européen</strong>
<ul class="wp-block-list">
<li><a href="https://gaq.media-animation.dev/iq2022-04/">Projet et recommandations de la Ville &#8211; Vision partagée &#8211; p.8</a></li>



<li>PDF: <a href="https://gaq.media-animation.dev/wp-content/uploads/2022/08/018_Recommandations-pour-le-Quartier-Europeen.pdf" data-type="URL" data-id="https://gaq.media-animation.dev/wp-content/uploads/2022/08/018_Recommandations-pour-le-Quartier-Europeen.pdf">Vision et recommandations Quartier européen &#8211; Visie en Aanbevelingen Europese Wijk</a><br>Source: Ville de Bruxelles</li>



<li><a href="https://gaq.media-animation.dev/iq2022-05/">Entretien avec Stefaan De Rynck &#8211; Représentant de la Commission européenne &#8211; p.8</a></li>



<li><a href="https://gaq.media-animation.dev/iq2022-15/">Entretien avec Pierre Lemaire &#8211; Une vision partagée pour le Quartier européen &#8211; p.27</a></li>



<li><a href="https://gaq.media-animation.dev/iq2022-06/">Saga Schuman &#8211; p.28</a></li>
</ul>
</li>



<li><strong>Energie </strong>&#8211; <strong>Pour mieux comprendre certaines questions relatives à l&#8217;énergie</strong>
<ul class="wp-block-list">
<li><a href="https://gaq.media-animation.dev/iq2022-09/">Entretien avec Lorette Rousseau &#8211; Plus-value du certificat PEB &#8211; p.20</a></li>



<li><a href="https://gaq.media-animation.dev/2022/08/iq2022-10/">Communautés d’énergie  &#8211; p.20</a></li>



<li><a href="https://gaq.media-animation.dev/iq2022-11/">Mesure de l&#8217;impact carbone &#8211;  p.20</a></li>



<li><a href="https://gaq.media-animation.dev/iq2022-12/">Résumé des primes énergétiques à Bruxelles &#8211; p.20</a></li>
</ul>
</li>



<li><a href="https://gaq.media-animation.dev/conseil-de-quartier/"><strong>Le Conseil de Quartier en panne ? &#8211; p.29</strong></a>
<ul class="wp-block-list">
<li>NL &#8211; <a href="https://gaq.media-animation.dev/iq2022-13/">De Buurtraad</a></li>



<li>EN &#8211; <a href="https://gaq.media-animation.dev/iq2022-13#engl">Neighbourhood Council</a></li>



<li>PDF: <a href="https://gaq.media-animation.dev/wp-content/uploads/2022/08/2022_Liste-des-projets-vote-et-budgets.pdf">Liste des projets vote et budgets</a></li>



<li>PDF: <a href="https://gaq.media-animation.dev/wp-content/uploads/2022/08/Tableau-synthese-suivi-des-projets-budget-participatif.pdf">Tableau synthese suivi des projets budget participatif</a></li>
</ul>
</li>



<li><a href="https://gaq.media-animation.dev/iq2022-02/">Tchip tchip Hourra &#8211; p.7</a></li>



<li><a href="https://gaq.media-animation.dev/iq2022-14/">Les chiens dans les squares &#8211; p.30</a></li>
</ul>

<p>Infor-Quartier, le bulletin annuel du GAQ asbl est distribué<br />
gratuitement dans toutes les boîtes aux lettres du Quartier<br />
européen de la Ville de Bruxelles.</p>
