{"id":4546,"date":"2020-10-10T13:13:50","date_gmt":"2020-10-10T11:13:50","guid":{"rendered":"http:\/\/gaq.be\/evenements\/winterpop-4\/"},"modified":"2020-10-10T13:13:50","modified_gmt":"2020-10-10T11:13:50","slug":"winterpop-4","status":"publish","type":"tribe_events","link":"https:\/\/gaq.be\/en\/evenements\/winterpop-4\/","title":{"rendered":"WinterPop"},"content":{"rendered":"<p>Comme en 2017; il y aura un \u00e9v\u00e8nement WinterPop au Square Ambiorix; cette ann\u00e9e avec la participation du GAQ:<\/p>\n<ul>\n<li>Vendredi 30 Novembre 2018 de 16h \u00e0 22h<\/li>\n<li>Samedi 1 et Dimanche 2 D\u00e9cembre de 14h \u00e0 19h.<\/li>\n<\/ul>\n<p>L\u2019affiche de l\u2019ann\u00e9e pass\u00e9e:&nbsp; <a href=\"http:\/\/2017-WinterPop_Ambiorix.pdf\" id=\"ow14043\">2017-WinterPop_Ambiorix.pdf<\/a><\/p>\n<p>L\u2019ann\u00e9e derni\u00e8re; la Ville de Bruxelles proposait une nouvelle initiative&#8239;: Winter Pop. Ce village itin\u00e9rant convivial remportait un vif succ\u00e8s aupr\u00e8s des habitants des quartiers o\u00f9 il avait fait halte. Cette ann\u00e9e; \u00e0 l\u2019occasion des Plaisirs d\u2019Hiver et durant quatre week-ends successifs; les roulottes de Winter Pop s\u2019installeront au Square Ambiorix; dans les Marolles; \u00e0 Neder-Over-Heembeek et \u00e0 Laeken.<\/p>\n<p>En collaboration avec les associations locales; une foule d\u2019activit\u00e9s ludiques et cr\u00e9atives pour petits et grands seront organis\u00e9es&#8239;: ateliers; spectacles; initiations; concerts; fanfares; danses; man\u00e8ges; chorales participatives; contes; animations en lumi\u00e8re; petite restauration\u2026<\/p>\n<p>Le village Winter Pop fera ainsi voyager l\u2019atmosph\u00e8re enjou\u00e9e des Plaisirs d\u2019Hiver au c\u0153ur de ces quatre quartiers de la Ville de Bruxelles afin de partager la f\u00e9erie des f\u00eates avec le plus grand nombre.<br \/>Informations pratiques<\/p>\n<p>Les vendredi 30 novembre; samedi 1er et dimanche 2 d\u00e9cembre au Square Ambiorix&#8239;;<br \/>Les vendredi 7; samedi 8; et dimanche 9 d\u00e9cembre \u00e0 la place de la Chapelle; dans les Marolles&#8239;;<br \/>Les vendredi 14; samedi 15 et dimanche 16 d\u00e9cembre \u00e0 la place Peter Beno\u00eet de Neder-Over-Hembeek&#8239;;<br \/>Les mercredi 19; jeudi 20; vendredi 21; et samedi 22 d\u00e9cembre \u00e0 la place Willems; \u00e0 Laeken.<\/p>\n<p>Horaires<br \/>\u2022 Tous les vendredis et samedis&#8239;: de 16h \u00e0 22h<br \/>\u2022 Tous les dimanches&#8239;: de 14h \u00e0 19h<\/p>\n","protected":false},"excerpt":{"rendered":"<p>Comme en 2017; il y aura un \u00e9v\u00e8nement WinterPop au Square Ambiorix; cette ann\u00e9e avec la participation du GAQ: Vendredi 30 Novembre 2018 de 16h \u00e0 22h Samedi 1 et [&hellip;]<\/p>\n","protected":false},"author":1,"featured_media":0,"template":"","meta":{"_EventAllDay":false,"_EventTimezone":"Europe\/Brussels","_EventStartDate":"2018-11-30 00:00:00","_EventEndDate":"2018-11-30 22:00:00","_EventStartDateUTC":"2018-11-29 23:00:00","_EventEndDateUTC":"2018-11-30 21:00:00","_EventShowMap":false,"_EventShowMapLink":false,"_EventURL":"","_EventCost":"","_EventCostDescription":"","_EventCurrencySymbol":"","_EventCurrencyCode":"","_EventCurrencyPosition":"prefix","_EventDateTimeSeparator":"","_EventTimeRangeSeparator":"","_EventOrganizerID":[],"_EventVenueID":[],"_OrganizerEmail":"","_OrganizerPhone":"","_OrganizerWebsite":"","_VenueAddress":"","_VenueCity":"","_VenueCountry":"","_VenueProvince":"","_VenueState":"","_VenueZip":"","_VenuePhone":"","_VenueURL":"","_VenueStateProvince":"","_VenueLat":"","_VenueLng":"","_VenueShowMap":false,"_VenueShowMapLink":false,"_tribe_events_status":"","_tribe_events_status_reason":"","footnotes":""},"tags":[],"tribe_events_cat":[],"class_list":["post-4546","tribe_events","type-tribe_events","status-publish","hentry"],"_links":{"self":[{"href":"https:\/\/gaq.be\/en\/wp-json\/wp\/v2\/tribe_events\/4546","targetHints":{"allow":["GET"]}}],"collection":[{"href":"https:\/\/gaq.be\/en\/wp-json\/wp\/v2\/tribe_events"}],"about":[{"href":"https:\/\/gaq.be\/en\/wp-json\/wp\/v2\/types\/tribe_events"}],"author":[{"embeddable":true,"href":"https:\/\/gaq.be\/en\/wp-json\/wp\/v2\/users\/1"}],"version-history":[{"count":0,"href":"https:\/\/gaq.be\/en\/wp-json\/wp\/v2\/tribe_events\/4546\/revisions"}],"wp:attachment":[{"href":"https:\/\/gaq.be\/en\/wp-json\/wp\/v2\/media?parent=4546"}],"wp:term":[{"taxonomy":"post_tag","embeddable":true,"href":"https:\/\/gaq.be\/en\/wp-json\/wp\/v2\/tags?post=4546"},{"taxonomy":"tribe_events_cat","embeddable":true,"href":"https:\/\/gaq.be\/en\/wp-json\/wp\/v2\/tribe_events_cat?post=4546"}],"curies":[{"name":"wp","href":"https:\/\/api.w.org\/{rel}","templated":true}]}}

<p>Comme en 2017; il y aura un évènement WinterPop au Square Ambiorix; cette année avec la participation du GAQ:</p>
<ul>
<li>Vendredi 30 Novembre 2018 de 16h à 22h</li>
<li>Samedi 1 et Dimanche 2 Décembre de 14h à 19h.</li>
</ul>
<p>L’affiche de l’année passée:&nbsp; <a href="http://2017-WinterPop_Ambiorix.pdf" id="ow14043">2017-WinterPop_Ambiorix.pdf</a></p>
<p>L’année dernière; la Ville de Bruxelles proposait une nouvelle initiative&#8239;: Winter Pop. Ce village itinérant convivial remportait un vif succès auprès des habitants des quartiers où il avait fait halte. Cette année; à l’occasion des Plaisirs d’Hiver et durant quatre week-ends successifs; les roulottes de Winter Pop s’installeront au Square Ambiorix; dans les Marolles; à Neder-Over-Heembeek et à Laeken.</p>
<p>En collaboration avec les associations locales; une foule d’activités ludiques et créatives pour petits et grands seront organisées&#8239;: ateliers; spectacles; initiations; concerts; fanfares; danses; manèges; chorales participatives; contes; animations en lumière; petite restauration…</p>
<p>Le village Winter Pop fera ainsi voyager l’atmosphère enjouée des Plaisirs d’Hiver au cœur de ces quatre quartiers de la Ville de Bruxelles afin de partager la féerie des fêtes avec le plus grand nombre.<br />Informations pratiques</p>
<p>Les vendredi 30 novembre; samedi 1er et dimanche 2 décembre au Square Ambiorix&#8239;;<br />Les vendredi 7; samedi 8; et dimanche 9 décembre à la place de la Chapelle; dans les Marolles&#8239;;<br />Les vendredi 14; samedi 15 et dimanche 16 décembre à la place Peter Benoît de Neder-Over-Hembeek&#8239;;<br />Les mercredi 19; jeudi 20; vendredi 21; et samedi 22 décembre à la place Willems; à Laeken.</p>
<p>Horaires<br />• Tous les vendredis et samedis&#8239;: de 16h à 22h<br />• Tous les dimanches&#8239;: de 14h à 19h</p>

<p>Comme en 2017; il y aura un évènement WinterPop au Square Ambiorix; cette année avec la participation du GAQ: Vendredi 30 Novembre 2018 de 16h à 22h Samedi 1 et [&hellip;]</p>
