{"id":4660,"date":"2020-10-10T13:14:28","date_gmt":"2020-10-10T11:14:28","guid":{"rendered":"http:\/\/gaq.be\/evenements\/bruxelles-mobilite-ca-sur-invitation-2\/"},"modified":"2020-10-10T13:14:28","modified_gmt":"2020-10-10T11:14:28","slug":"bruxelles-mobilite-ca-sur-invitation-2","status":"publish","type":"tribe_events","link":"https:\/\/gaq.be\/en\/evenements\/bruxelles-mobilite-ca-sur-invitation-2\/","title":{"rendered":"Bruxelles Mobilit\u00e9 \u2013 CA \u2013 sur invitation"},"content":{"rendered":"<p>Dans le cadre du r\u00e9am\u00e9nagement de la place Schuman et des mesures d\u2019accompagnements li\u00e9es; la Direction Projets Voiries de Bruxelles-Mobilit\u00e9 vous invite \u00e0 participer au comit\u00e9 d\u2019accompagnement g\u00e9n\u00e9ral du projet. \/ Vous \u00eates attendus le 21 f\u00e9vrier 2019 \u00e0 10H30 pour le comit\u00e9 d\u2019accompagnement g\u00e9n\u00e9ral. Cette invitation est envoy\u00e9e aux membres du pr\u00e9c\u00e9dent CA g\u00e9n\u00e9ral.<\/p>\n","protected":false},"excerpt":{"rendered":"<p>Dans le cadre du r\u00e9am\u00e9nagement de la place Schuman et des mesures d\u2019accompagnements li\u00e9es; la Direction Projets Voiries de Bruxelles-Mobilit\u00e9 vous invite \u00e0 participer au comit\u00e9 d\u2019accompagnement g\u00e9n\u00e9ral du projet. [&hellip;]<\/p>\n","protected":false},"author":1,"featured_media":0,"template":"","meta":{"_EventAllDay":false,"_EventTimezone":"Europe\/Brussels","_EventStartDate":"2019-02-21 00:00:00","_EventEndDate":"2019-02-21 11:00:00","_EventStartDateUTC":"2019-02-20 23:00:00","_EventEndDateUTC":"2019-02-21 10:00:00","_EventShowMap":false,"_EventShowMapLink":false,"_EventURL":"","_EventCost":"","_EventCostDescription":"","_EventCurrencySymbol":"","_EventCurrencyCode":"","_EventCurrencyPosition":"prefix","_EventDateTimeSeparator":"","_EventTimeRangeSeparator":"","_EventOrganizerID":[],"_EventVenueID":[],"_OrganizerEmail":"","_OrganizerPhone":"","_OrganizerWebsite":"","_VenueAddress":"","_VenueCity":"","_VenueCountry":"","_VenueProvince":"","_VenueState":"","_VenueZip":"","_VenuePhone":"","_VenueURL":"","_VenueStateProvince":"","_VenueLat":"","_VenueLng":"","_VenueShowMap":false,"_VenueShowMapLink":false,"_tribe_events_status":"","_tribe_events_status_reason":"","footnotes":""},"tags":[],"tribe_events_cat":[],"class_list":["post-4660","tribe_events","type-tribe_events","status-publish","hentry"],"_links":{"self":[{"href":"https:\/\/gaq.be\/en\/wp-json\/wp\/v2\/tribe_events\/4660","targetHints":{"allow":["GET"]}}],"collection":[{"href":"https:\/\/gaq.be\/en\/wp-json\/wp\/v2\/tribe_events"}],"about":[{"href":"https:\/\/gaq.be\/en\/wp-json\/wp\/v2\/types\/tribe_events"}],"author":[{"embeddable":true,"href":"https:\/\/gaq.be\/en\/wp-json\/wp\/v2\/users\/1"}],"version-history":[{"count":0,"href":"https:\/\/gaq.be\/en\/wp-json\/wp\/v2\/tribe_events\/4660\/revisions"}],"wp:attachment":[{"href":"https:\/\/gaq.be\/en\/wp-json\/wp\/v2\/media?parent=4660"}],"wp:term":[{"taxonomy":"post_tag","embeddable":true,"href":"https:\/\/gaq.be\/en\/wp-json\/wp\/v2\/tags?post=4660"},{"taxonomy":"tribe_events_cat","embeddable":true,"href":"https:\/\/gaq.be\/en\/wp-json\/wp\/v2\/tribe_events_cat?post=4660"}],"curies":[{"name":"wp","href":"https:\/\/api.w.org\/{rel}","templated":true}]}}

Bruxelles Mobilité – CA – sur invitation

<p>Dans le cadre du réaménagement de la place Schuman et des mesures d’accompagnements liées; la Direction Projets Voiries de Bruxelles-Mobilité vous invite à participer au comité d’accompagnement général du projet. / Vous êtes attendus le 21 février 2019 à 10H30 pour le comité d’accompagnement général. Cette invitation est envoyée aux membres du précédent CA général.</p>

<p>Dans le cadre du réaménagement de la place Schuman et des mesures d’accompagnements liées; la Direction Projets Voiries de Bruxelles-Mobilité vous invite à participer au comité d’accompagnement général du projet. [&hellip;]</p>
