{"id":4655,"date":"2020-10-10T13:14:27","date_gmt":"2020-10-10T11:14:27","guid":{"rendered":"http:\/\/gaq.be\/evenements\/concertation-relative-au-projet-schuman-mobilite-projet-2\/"},"modified":"2020-10-10T13:14:27","modified_gmt":"2020-10-10T11:14:27","slug":"concertation-relative-au-projet-schuman-mobilite-projet-2","status":"publish","type":"tribe_events","link":"https:\/\/gaq.be\/nl\/evenements\/concertation-relative-au-projet-schuman-mobilite-projet-2\/","title":{"rendered":"Concertation relative au projet Schuman (mobilit\u00e9; projet)"},"content":{"rendered":"<p>13\/02\/2019 Cabinet Smet \u2013 sur invitation \/ \u00c0 la suite d\u2019une visite du quartier pendant l\u2019\u00e9t\u00e9 et apr\u00e8s une p\u00e9riode d\u2019\u00e9tude par le bureau d\u2019architectes; je suis heureux de vous inviter \u00e0 la concertation relative au projet Schuman (mobilit\u00e9; projet) \u2026 Une autre consultation sera organis\u00e9e \u00e0 la fin f\u00e9vrier \u00e0 l\u2019intention de tous les riverains. La concertation pr\u00e9vue servira \u00e0 pr\u00e9parer cette s\u00e9rie de consultations.<\/p>\n","protected":false},"excerpt":{"rendered":"<p>13\/02\/2019 Cabinet Smet \u2013 sur invitation \/ \u00c0 la suite d\u2019une visite du quartier pendant l\u2019\u00e9t\u00e9 et apr\u00e8s une p\u00e9riode d\u2019\u00e9tude par le bureau d\u2019architectes; je suis heureux de vous [&hellip;]<\/p>\n","protected":false},"author":1,"featured_media":0,"template":"","meta":{"_EventAllDay":false,"_EventTimezone":"Europe\/Brussels","_EventStartDate":"2019-02-13 00:00:00","_EventEndDate":"2019-02-14 00:00:00","_EventStartDateUTC":"2019-02-12 23:00:00","_EventEndDateUTC":"2019-02-13 23:00:00","_EventShowMap":false,"_EventShowMapLink":false,"_EventURL":"","_EventCost":"","_EventCostDescription":"","_EventCurrencySymbol":"","_EventCurrencyCode":"","_EventCurrencyPosition":"prefix","_EventDateTimeSeparator":"","_EventTimeRangeSeparator":"","_EventOrganizerID":[],"_EventVenueID":[],"_OrganizerEmail":"","_OrganizerPhone":"","_OrganizerWebsite":"","_VenueAddress":"","_VenueCity":"","_VenueCountry":"","_VenueProvince":"","_VenueState":"","_VenueZip":"","_VenuePhone":"","_VenueURL":"","_VenueStateProvince":"","_VenueLat":"","_VenueLng":"","_VenueShowMap":false,"_VenueShowMapLink":false,"_tribe_events_status":"","_tribe_events_status_reason":"","footnotes":""},"tags":[],"tribe_events_cat":[],"class_list":["post-4655","tribe_events","type-tribe_events","status-publish","hentry"],"_links":{"self":[{"href":"https:\/\/gaq.be\/nl\/wp-json\/wp\/v2\/tribe_events\/4655","targetHints":{"allow":["GET"]}}],"collection":[{"href":"https:\/\/gaq.be\/nl\/wp-json\/wp\/v2\/tribe_events"}],"about":[{"href":"https:\/\/gaq.be\/nl\/wp-json\/wp\/v2\/types\/tribe_events"}],"author":[{"embeddable":true,"href":"https:\/\/gaq.be\/nl\/wp-json\/wp\/v2\/users\/1"}],"version-history":[{"count":0,"href":"https:\/\/gaq.be\/nl\/wp-json\/wp\/v2\/tribe_events\/4655\/revisions"}],"wp:attachment":[{"href":"https:\/\/gaq.be\/nl\/wp-json\/wp\/v2\/media?parent=4655"}],"wp:term":[{"taxonomy":"post_tag","embeddable":true,"href":"https:\/\/gaq.be\/nl\/wp-json\/wp\/v2\/tags?post=4655"},{"taxonomy":"tribe_events_cat","embeddable":true,"href":"https:\/\/gaq.be\/nl\/wp-json\/wp\/v2\/tribe_events_cat?post=4655"}],"curies":[{"name":"wp","href":"https:\/\/api.w.org\/{rel}","templated":true}]}}

Concertation relative au projet Schuman (mobilité; projet)

<p>13/02/2019 Cabinet Smet – sur invitation / À la suite d’une visite du quartier pendant l’été et après une période d’étude par le bureau d’architectes; je suis heureux de vous inviter à la concertation relative au projet Schuman (mobilité; projet) … Une autre consultation sera organisée à la fin février à l’intention de tous les riverains. La concertation prévue servira à préparer cette série de consultations.</p>

<p>13/02/2019 Cabinet Smet – sur invitation / À la suite d’une visite du quartier pendant l’été et après une période d’étude par le bureau d’architectes; je suis heureux de vous [&hellip;]</p>
