{"id":4738,"date":"2020-10-10T13:14:53","date_gmt":"2020-10-10T11:14:53","guid":{"rendered":"http:\/\/gaq.be\/evenements\/ecolo-de-bruxelles-ville-remet-a-jour-son-programme-sur-les-espaces-verts-2\/"},"modified":"2020-10-10T13:14:53","modified_gmt":"2020-10-10T11:14:53","slug":"ecolo-de-bruxelles-ville-remet-a-jour-son-programme-sur-les-espaces-verts-2","status":"publish","type":"tribe_events","link":"https:\/\/gaq.be\/nl\/evenements\/ecolo-de-bruxelles-ville-remet-a-jour-son-programme-sur-les-espaces-verts-2\/","title":{"rendered":"ECOLO de Bruxelles-Ville remet \u00e0 jour son programme sur les espaces verts"},"content":{"rendered":"<p>La locale ECOLO de Bruxelles-Ville remet \u00e0 jour son programme sur les espaces verts. Nous aimerions vous entendre et pouvoir profiter de votre exp\u00e9rience sur la mati\u00e8re. C&#8217;est pourquoi vous \u00eates cordialement invit\u00e9s \u00e0 notre groupe de travail ce jeudi 17 f\u00e9vrier \u00e0 20h au second \u00e9tage de la Maison Arc-en-ciel; 42 rue mach\u00e9 au charbon \u00e0 1000 Bruxelles. \/ J\u00e9rome Jolibois &#8211; Responsable Programme \/ Viviane Laroy et Michael Francois &#8211; Secr\u00e9taires politiques \/ entretien des espaces verts. Exemple: parc anonyme (&#8216;Jardin de la Val\u00e9e de Maelbeek&#8217;) \/ espaces r\u00e9serv\u00e9s aux enfants: \/ &#8211; pr\u00e9sence d\u2019engins s\u00e9curis\u00e9s pour enfants (square Ambiorix) \/ &#8211; bac \u00e0 sable (50naire) \/ &#8211; mesures pour exclusion des chiens \/ poursuite du r\u00e9am\u00e9nagement du parc du 50naire ? \/ l\u2019espace au coin des rues de Gravelines et de Pavie ? \/ verdurisation de la rue Belliard \/ question de r\u00e9am\u00e9nager la berme centrale entre le square Marie-Louise et la rue Van Maerlant \/ la gestion bi-communale du square de Meeus \/ les risques de privatisation du parc L\u00e9opold \/ <\/p>\n","protected":false},"excerpt":{"rendered":"<p>La locale ECOLO de Bruxelles-Ville remet \u00e0 jour son programme sur les espaces verts. Nous aimerions vous entendre et pouvoir profiter de votre exp\u00e9rience sur la mati\u00e8re. C&#8217;est pourquoi vous [&hellip;]<\/p>\n","protected":false},"author":1,"featured_media":0,"template":"","meta":{"_EventAllDay":false,"_EventTimezone":"Europe\/Brussels","_EventStartDate":"2011-02-17 00:00:00","_EventEndDate":"2011-02-17 22:00:00","_EventStartDateUTC":"2011-02-16 23:00:00","_EventEndDateUTC":"2011-02-17 21:00:00","_EventShowMap":false,"_EventShowMapLink":false,"_EventURL":"","_EventCost":"","_EventCostDescription":"","_EventCurrencySymbol":"","_EventCurrencyCode":"","_EventCurrencyPosition":"prefix","_EventDateTimeSeparator":"","_EventTimeRangeSeparator":"","_EventOrganizerID":[],"_EventVenueID":[],"_OrganizerEmail":"","_OrganizerPhone":"","_OrganizerWebsite":"","_VenueAddress":"","_VenueCity":"","_VenueCountry":"","_VenueProvince":"","_VenueState":"","_VenueZip":"","_VenuePhone":"","_VenueURL":"","_VenueStateProvince":"","_VenueLat":"","_VenueLng":"","_VenueShowMap":false,"_VenueShowMapLink":false,"_tribe_events_status":"","_tribe_events_status_reason":"","footnotes":""},"tags":[],"tribe_events_cat":[],"class_list":["post-4738","tribe_events","type-tribe_events","status-publish","hentry"],"_links":{"self":[{"href":"https:\/\/gaq.be\/nl\/wp-json\/wp\/v2\/tribe_events\/4738","targetHints":{"allow":["GET"]}}],"collection":[{"href":"https:\/\/gaq.be\/nl\/wp-json\/wp\/v2\/tribe_events"}],"about":[{"href":"https:\/\/gaq.be\/nl\/wp-json\/wp\/v2\/types\/tribe_events"}],"author":[{"embeddable":true,"href":"https:\/\/gaq.be\/nl\/wp-json\/wp\/v2\/users\/1"}],"version-history":[{"count":0,"href":"https:\/\/gaq.be\/nl\/wp-json\/wp\/v2\/tribe_events\/4738\/revisions"}],"wp:attachment":[{"href":"https:\/\/gaq.be\/nl\/wp-json\/wp\/v2\/media?parent=4738"}],"wp:term":[{"taxonomy":"post_tag","embeddable":true,"href":"https:\/\/gaq.be\/nl\/wp-json\/wp\/v2\/tags?post=4738"},{"taxonomy":"tribe_events_cat","embeddable":true,"href":"https:\/\/gaq.be\/nl\/wp-json\/wp\/v2\/tribe_events_cat?post=4738"}],"curies":[{"name":"wp","href":"https:\/\/api.w.org\/{rel}","templated":true}]}}

ECOLO de Bruxelles-Ville remet à jour son programme sur les espaces verts

<p>La locale ECOLO de Bruxelles-Ville remet à jour son programme sur les espaces verts. Nous aimerions vous entendre et pouvoir profiter de votre expérience sur la matière. C&#8217;est pourquoi vous êtes cordialement invités à notre groupe de travail ce jeudi 17 février à 20h au second étage de la Maison Arc-en-ciel; 42 rue maché au charbon à 1000 Bruxelles. / Jérome Jolibois &#8211; Responsable Programme / Viviane Laroy et Michael Francois &#8211; Secrétaires politiques / entretien des espaces verts. Exemple: parc anonyme (&#8216;Jardin de la Valée de Maelbeek&#8217;) / espaces réservés aux enfants: / &#8211; présence d’engins sécurisés pour enfants (square Ambiorix) / &#8211; bac à sable (50naire) / &#8211; mesures pour exclusion des chiens / poursuite du réaménagement du parc du 50naire ? / l’espace au coin des rues de Gravelines et de Pavie ? / verdurisation de la rue Belliard / question de réaménager la berme centrale entre le square Marie-Louise et la rue Van Maerlant / la gestion bi-communale du square de Meeus / les risques de privatisation du parc Léopold / </p>

<p>La locale ECOLO de Bruxelles-Ville remet à jour son programme sur les espaces verts. Nous aimerions vous entendre et pouvoir profiter de votre expérience sur la matière. C&#8217;est pourquoi vous [&hellip;]</p>
