{"id":4754,"date":"2020-10-10T13:15:11","date_gmt":"2020-10-10T11:15:11","guid":{"rendered":"http:\/\/gaq.be\/evenements\/atenor-meeting-2\/"},"modified":"2020-10-10T13:15:11","modified_gmt":"2020-10-10T11:15:11","slug":"atenor-meeting-2","status":"publish","type":"tribe_events","link":"https:\/\/gaq.be\/nl\/evenements\/atenor-meeting-2\/","title":{"rendered":"ATENOR Meeting"},"content":{"rendered":"<p>From: St\u00e9phan Sonneville  \/ Subject: RE: Projet Atenor-Europa \/ To: philippe van parijs  \/ Cc: Christian CEUX ; \/ ROGGEMANS Marie-Laure ; \/ HYPERLINK &#8220;mailto:marie-helene.pradines@ec.europa.eu&#8221; marie-helene.pradines@ec.europa.eu; Alain Deneef ; \/ TAYART de BORMS Luc ; HYPERLINK &#8220;mailto:urbanisme@brucity.be&#8221; urbanisme@brucity.be; \/ Mathieu Sonck ; Hilde GEENS ; \/ pr\u00e9sident GAQ asbl  \/ Cher Philippe; \/ Je vous remercie pour votre mail : il ne faut pas n\u00e9cessairement \u00eatre d&#8217;accord sur tout pour continuer le dialogue. Loin de nous l&#8217;intention de la moindre provocation. \/ A la lecture de votre mail; je comprends qu&#8217;il y a clairement un d\u00e9ficit de communication entre nous au sujet de cette demande de permis. Je vous propose de vous rencontrer afin d&#8217;apporter r\u00e9ponses et arguments \u00e0 votre mail. \/ Sachez que pour diverses raisons; la r\u00e9union de concertation est report\u00e9e; en accord avec la ville; au 20 avril 2010. Je vous propose d\u00e8s lors de vous rencontrer; \u00e0 votre meilleure convenance; entre le 29 mars et le 2 avril. Je propose \u00e9galement d&#8217;\u00e9tablir apr\u00e8s notre entrevue un r\u00e9sum\u00e9 des r\u00e9ponses que nous vous aurons apport\u00e9es; et ceci \u00e0 l&#8217;attention des personnes en copie de ce mail. \/ Dans l&#8217;attente de votre confirmation d&#8217;entrevue; \/ Bien \u00e0 vous; \/ ST\u00c9PHAN SONNEVILLE \/ for St\u00e9phan Sonneville s.a. \/ Chief Executive Officer \/ Avenue Reine Astrid 92 \/ B 1310 La Hulpe \/ Belgium \/ HYPERLINK &#8220;http:\/\/www.atenor.be&#8221; www.atenor.be \/ t\u00e9l. +32 (0)2 389 13 51 \/ fax +32 (0)2 387 53 33 \/ HYPERLINK &#8220;mailto:sonneville@atenor.be&#8221; sonneville@atenor.be<\/p>\n","protected":false},"excerpt":{"rendered":"<p>From: St\u00e9phan Sonneville \/ Subject: RE: Projet Atenor-Europa \/ To: philippe van parijs \/ Cc: Christian CEUX ; \/ ROGGEMANS Marie-Laure ; \/ HYPERLINK &#8220;mailto:marie-helene.pradines@ec.europa.eu&#8221; marie-helene.pradines@ec.europa.eu; Alain Deneef ; \/ [&hellip;]<\/p>\n","protected":false},"author":1,"featured_media":0,"template":"","meta":{"_EventAllDay":false,"_EventTimezone":"Europe\/Brussels","_EventStartDate":"2010-03-31 00:00:00","_EventEndDate":"2010-03-31 21:45:00","_EventStartDateUTC":"2010-03-30 22:00:00","_EventEndDateUTC":"2010-03-31 19:45:00","_EventShowMap":false,"_EventShowMapLink":false,"_EventURL":"","_EventCost":"","_EventCostDescription":"","_EventCurrencySymbol":"","_EventCurrencyCode":"","_EventCurrencyPosition":"prefix","_EventDateTimeSeparator":"","_EventTimeRangeSeparator":"","_EventOrganizerID":[],"_EventVenueID":[],"_OrganizerEmail":"","_OrganizerPhone":"","_OrganizerWebsite":"","_VenueAddress":"","_VenueCity":"","_VenueCountry":"","_VenueProvince":"","_VenueState":"","_VenueZip":"","_VenuePhone":"","_VenueURL":"","_VenueStateProvince":"","_VenueLat":"","_VenueLng":"","_VenueShowMap":false,"_VenueShowMapLink":false,"_tribe_events_status":"","_tribe_events_status_reason":"","footnotes":""},"tags":[],"tribe_events_cat":[],"class_list":["post-4754","tribe_events","type-tribe_events","status-publish","hentry"],"_links":{"self":[{"href":"https:\/\/gaq.be\/nl\/wp-json\/wp\/v2\/tribe_events\/4754","targetHints":{"allow":["GET"]}}],"collection":[{"href":"https:\/\/gaq.be\/nl\/wp-json\/wp\/v2\/tribe_events"}],"about":[{"href":"https:\/\/gaq.be\/nl\/wp-json\/wp\/v2\/types\/tribe_events"}],"author":[{"embeddable":true,"href":"https:\/\/gaq.be\/nl\/wp-json\/wp\/v2\/users\/1"}],"version-history":[{"count":0,"href":"https:\/\/gaq.be\/nl\/wp-json\/wp\/v2\/tribe_events\/4754\/revisions"}],"wp:attachment":[{"href":"https:\/\/gaq.be\/nl\/wp-json\/wp\/v2\/media?parent=4754"}],"wp:term":[{"taxonomy":"post_tag","embeddable":true,"href":"https:\/\/gaq.be\/nl\/wp-json\/wp\/v2\/tags?post=4754"},{"taxonomy":"tribe_events_cat","embeddable":true,"href":"https:\/\/gaq.be\/nl\/wp-json\/wp\/v2\/tribe_events_cat?post=4754"}],"curies":[{"name":"wp","href":"https:\/\/api.w.org\/{rel}","templated":true}]}}

<p>From: Stéphan Sonneville  / Subject: RE: Projet Atenor-Europa / To: philippe van parijs  / Cc: Christian CEUX ; / ROGGEMANS Marie-Laure ; / HYPERLINK &#8220;mailto:marie-helene.pradines@ec.europa.eu&#8221; marie-helene.pradines@ec.europa.eu; Alain Deneef ; / TAYART de BORMS Luc ; HYPERLINK &#8220;mailto:urbanisme@brucity.be&#8221; urbanisme@brucity.be; / Mathieu Sonck ; Hilde GEENS ; / président GAQ asbl  / Cher Philippe; / Je vous remercie pour votre mail : il ne faut pas nécessairement être d&#8217;accord sur tout pour continuer le dialogue. Loin de nous l&#8217;intention de la moindre provocation. / A la lecture de votre mail; je comprends qu&#8217;il y a clairement un déficit de communication entre nous au sujet de cette demande de permis. Je vous propose de vous rencontrer afin d&#8217;apporter réponses et arguments à votre mail. / Sachez que pour diverses raisons; la réunion de concertation est reportée; en accord avec la ville; au 20 avril 2010. Je vous propose dès lors de vous rencontrer; à votre meilleure convenance; entre le 29 mars et le 2 avril. Je propose également d&#8217;établir après notre entrevue un résumé des réponses que nous vous aurons apportées; et ceci à l&#8217;attention des personnes en copie de ce mail. / Dans l&#8217;attente de votre confirmation d&#8217;entrevue; / Bien à vous; / STÉPHAN SONNEVILLE / for Stéphan Sonneville s.a. / Chief Executive Officer / Avenue Reine Astrid 92 / B 1310 La Hulpe / Belgium / HYPERLINK &#8220;http://www.atenor.be&#8221; www.atenor.be / tél. +32 (0)2 389 13 51 / fax +32 (0)2 387 53 33 / HYPERLINK &#8220;mailto:sonneville@atenor.be&#8221; sonneville@atenor.be</p>

<p>From: Stéphan Sonneville / Subject: RE: Projet Atenor-Europa / To: philippe van parijs / Cc: Christian CEUX ; / ROGGEMANS Marie-Laure ; / HYPERLINK &#8220;mailto:marie-helene.pradines@ec.europa.eu&#8221; marie-helene.pradines@ec.europa.eu; Alain Deneef ; / [&hellip;]</p>
