{"id":4830,"date":"2020-10-10T13:15:46","date_gmt":"2020-10-10T11:15:46","guid":{"rendered":"http:\/\/gaq.be\/evenements\/rencontre-avec-brigitte-grouwels-ministre-de-la-mobilite-et-des-transports-2\/"},"modified":"2020-10-10T13:15:46","modified_gmt":"2020-10-10T11:15:46","slug":"rencontre-avec-brigitte-grouwels-ministre-de-la-mobilite-et-des-transports-2","status":"publish","type":"tribe_events","link":"https:\/\/gaq.be\/nl\/evenements\/rencontre-avec-brigitte-grouwels-ministre-de-la-mobilite-et-des-transports-2\/","title":{"rendered":"Rencontre avec Brigitte Grouwels; ministre de la mobilit\u00e9 et des transports"},"content":{"rendered":"<p>Rencontre avec Brigitte Grouwels; ministre de la mobilit\u00e9 et des transports; confirm\u00e9e pour le lundi 17 mai \u00e0 20h chez moi (17 rue de Pavie). \/ Pouvez-vous me dire d&#8217;ici la fin de la semaine \/ (1) si vous comptez \u00eatre pr\u00e9sents; \/ (2) qui d&#8217;autre vous proposez d&#8217;inviter \u00e0 cette rencontre; \/ (3) quels sujets vous voulez mettre \u00e0 l&#8217;ordre du jour \/ (outre : \u00e9tat d&#8217;avancesment des grands dossiers (tunnel et stations RER; mise en tunnel du transit Schuman; aspect mobilit\u00e9 du PUL) et ralentissement efficace du trafic sur la rue de la Loi combin\u00e9 avec travers\u00e9e pi\u00e9tonne au niveau du Charlemagne).<\/p>\n","protected":false},"excerpt":{"rendered":"<p>Rencontre avec Brigitte Grouwels; ministre de la mobilit\u00e9 et des transports; confirm\u00e9e pour le lundi 17 mai \u00e0 20h chez moi (17 rue de Pavie). \/ Pouvez-vous me dire d&#8217;ici [&hellip;]<\/p>\n","protected":false},"author":1,"featured_media":0,"template":"","meta":{"_EventAllDay":false,"_EventTimezone":"Europe\/Brussels","_EventStartDate":"2010-05-17 00:00:00","_EventEndDate":"2010-05-17 20:30:00","_EventStartDateUTC":"2010-05-16 22:00:00","_EventEndDateUTC":"2010-05-17 18:30:00","_EventShowMap":false,"_EventShowMapLink":false,"_EventURL":"","_EventCost":"","_EventCostDescription":"","_EventCurrencySymbol":"","_EventCurrencyCode":"","_EventCurrencyPosition":"prefix","_EventDateTimeSeparator":"","_EventTimeRangeSeparator":"","_EventOrganizerID":[],"_EventVenueID":[],"_OrganizerEmail":"","_OrganizerPhone":"","_OrganizerWebsite":"","_VenueAddress":"","_VenueCity":"","_VenueCountry":"","_VenueProvince":"","_VenueState":"","_VenueZip":"","_VenuePhone":"","_VenueURL":"","_VenueStateProvince":"","_VenueLat":"","_VenueLng":"","_VenueShowMap":false,"_VenueShowMapLink":false,"_tribe_events_status":"","_tribe_events_status_reason":"","footnotes":""},"tags":[],"tribe_events_cat":[],"class_list":["post-4830","tribe_events","type-tribe_events","status-publish","hentry"],"_links":{"self":[{"href":"https:\/\/gaq.be\/nl\/wp-json\/wp\/v2\/tribe_events\/4830","targetHints":{"allow":["GET"]}}],"collection":[{"href":"https:\/\/gaq.be\/nl\/wp-json\/wp\/v2\/tribe_events"}],"about":[{"href":"https:\/\/gaq.be\/nl\/wp-json\/wp\/v2\/types\/tribe_events"}],"author":[{"embeddable":true,"href":"https:\/\/gaq.be\/nl\/wp-json\/wp\/v2\/users\/1"}],"version-history":[{"count":0,"href":"https:\/\/gaq.be\/nl\/wp-json\/wp\/v2\/tribe_events\/4830\/revisions"}],"wp:attachment":[{"href":"https:\/\/gaq.be\/nl\/wp-json\/wp\/v2\/media?parent=4830"}],"wp:term":[{"taxonomy":"post_tag","embeddable":true,"href":"https:\/\/gaq.be\/nl\/wp-json\/wp\/v2\/tags?post=4830"},{"taxonomy":"tribe_events_cat","embeddable":true,"href":"https:\/\/gaq.be\/nl\/wp-json\/wp\/v2\/tribe_events_cat?post=4830"}],"curies":[{"name":"wp","href":"https:\/\/api.w.org\/{rel}","templated":true}]}}

Rencontre avec Brigitte Grouwels; ministre de la mobilité et des transports

<p>Rencontre avec Brigitte Grouwels; ministre de la mobilité et des transports; confirmée pour le lundi 17 mai à 20h chez moi (17 rue de Pavie). / Pouvez-vous me dire d&#8217;ici la fin de la semaine / (1) si vous comptez être présents; / (2) qui d&#8217;autre vous proposez d&#8217;inviter à cette rencontre; / (3) quels sujets vous voulez mettre à l&#8217;ordre du jour / (outre : état d&#8217;avancesment des grands dossiers (tunnel et stations RER; mise en tunnel du transit Schuman; aspect mobilité du PUL) et ralentissement efficace du trafic sur la rue de la Loi combiné avec traversée piétonne au niveau du Charlemagne).</p>

<p>Rencontre avec Brigitte Grouwels; ministre de la mobilité et des transports; confirmée pour le lundi 17 mai à 20h chez moi (17 rue de Pavie). / Pouvez-vous me dire d&#8217;ici [&hellip;]</p>
