{"id":4844,"date":"2020-10-10T13:15:49","date_gmt":"2020-10-10T11:15:49","guid":{"rendered":"http:\/\/gaq.be\/evenements\/inauguration-exposition-pul-2\/"},"modified":"2020-10-10T13:15:49","modified_gmt":"2020-10-10T11:15:49","slug":"inauguration-exposition-pul-2","status":"publish","type":"tribe_events","link":"https:\/\/gaq.be\/nl\/evenements\/inauguration-exposition-pul-2\/","title":{"rendered":"Inauguration exposition PUL"},"content":{"rendered":"<p>en pr\u00e9sence du Ministre-Pr\u00e9sident de la R\u00e9gion de Bruxelles-Capitale; du Bourgmestre de la Ville de Bruxelles et du Commissaire europ\u00e9en. Cette inauguration devrait avoir lieu le lundi 22 mars 2010.<\/p>\n","protected":false},"excerpt":{"rendered":"<p>en pr\u00e9sence du Ministre-Pr\u00e9sident de la R\u00e9gion de Bruxelles-Capitale; du Bourgmestre de la Ville de Bruxelles et du Commissaire europ\u00e9en. Cette inauguration devrait avoir lieu le lundi 22 mars 2010.<\/p>\n","protected":false},"author":1,"featured_media":0,"template":"","meta":{"_EventAllDay":false,"_EventTimezone":"Europe\/Brussels","_EventStartDate":"2010-03-22 00:00:00","_EventEndDate":"2010-03-22 14:30:00","_EventStartDateUTC":"2010-03-21 23:00:00","_EventEndDateUTC":"2010-03-22 13:30:00","_EventShowMap":false,"_EventShowMapLink":false,"_EventURL":"","_EventCost":"","_EventCostDescription":"","_EventCurrencySymbol":"","_EventCurrencyCode":"","_EventCurrencyPosition":"prefix","_EventDateTimeSeparator":"","_EventTimeRangeSeparator":"","_EventOrganizerID":[],"_EventVenueID":[],"_OrganizerEmail":"","_OrganizerPhone":"","_OrganizerWebsite":"","_VenueAddress":"","_VenueCity":"","_VenueCountry":"","_VenueProvince":"","_VenueState":"","_VenueZip":"","_VenuePhone":"","_VenueURL":"","_VenueStateProvince":"","_VenueLat":"","_VenueLng":"","_VenueShowMap":false,"_VenueShowMapLink":false,"_tribe_events_status":"","_tribe_events_status_reason":"","footnotes":""},"tags":[],"tribe_events_cat":[],"class_list":["post-4844","tribe_events","type-tribe_events","status-publish","hentry"],"_links":{"self":[{"href":"https:\/\/gaq.be\/nl\/wp-json\/wp\/v2\/tribe_events\/4844","targetHints":{"allow":["GET"]}}],"collection":[{"href":"https:\/\/gaq.be\/nl\/wp-json\/wp\/v2\/tribe_events"}],"about":[{"href":"https:\/\/gaq.be\/nl\/wp-json\/wp\/v2\/types\/tribe_events"}],"author":[{"embeddable":true,"href":"https:\/\/gaq.be\/nl\/wp-json\/wp\/v2\/users\/1"}],"version-history":[{"count":0,"href":"https:\/\/gaq.be\/nl\/wp-json\/wp\/v2\/tribe_events\/4844\/revisions"}],"wp:attachment":[{"href":"https:\/\/gaq.be\/nl\/wp-json\/wp\/v2\/media?parent=4844"}],"wp:term":[{"taxonomy":"post_tag","embeddable":true,"href":"https:\/\/gaq.be\/nl\/wp-json\/wp\/v2\/tags?post=4844"},{"taxonomy":"tribe_events_cat","embeddable":true,"href":"https:\/\/gaq.be\/nl\/wp-json\/wp\/v2\/tribe_events_cat?post=4844"}],"curies":[{"name":"wp","href":"https:\/\/api.w.org\/{rel}","templated":true}]}}

<p>en présence du Ministre-Président de la Région de Bruxelles-Capitale; du Bourgmestre de la Ville de Bruxelles et du Commissaire européen. Cette inauguration devrait avoir lieu le lundi 22 mars 2010.</p>
