{"id":4938,"date":"2020-10-10T13:16:33","date_gmt":"2020-10-10T11:16:33","guid":{"rendered":"http:\/\/gaq.be\/evenements\/gaq-visite-musee-fin-de-siecle-2\/"},"modified":"2020-10-10T13:16:33","modified_gmt":"2020-10-10T11:16:33","slug":"gaq-visite-musee-fin-de-siecle-2","status":"publish","type":"tribe_events","link":"https:\/\/gaq.be\/nl\/evenements\/gaq-visite-musee-fin-de-siecle-2\/","title":{"rendered":"GAQ: Visite Mus\u00e9e Fin-de-Si\u00e8cle"},"content":{"rendered":"<p>Le GAQ organise une visite du nouveau Mus\u00e9e Fin de Si\u00e8cle qui vient d\u2019\u00eatre inaugur\u00e9 \u00e0 Bruxelles. (www.fin-de-siecle-museum.be) \/ La visite sera comment\u00e9e par Jean-Philippe Theyskens qui habite notre quartier. \/ Inscription chez Alain Dewez avant le 10 mars: alaindewez4@gmail.com ou Rue Luther 24 \/ Co\u00fbt: le guide (80\u20ac) est pay\u00e9 par le GAQ \/ Chaque participant s\u2019acquitte du prix d\u2019entr\u00e9e \u00e0 l\u2019entr\u00e9e du mus\u00e9e; c\u00e0d 6 \u20ac si nous sommes 20 personnes<\/p>\n","protected":false},"excerpt":{"rendered":"<p>Le GAQ organise une visite du nouveau Mus\u00e9e Fin de Si\u00e8cle qui vient d\u2019\u00eatre inaugur\u00e9 \u00e0 Bruxelles. (www.fin-de-siecle-museum.be) \/ La visite sera comment\u00e9e par Jean-Philippe Theyskens qui habite notre quartier. [&hellip;]<\/p>\n","protected":false},"author":1,"featured_media":0,"template":"","meta":{"_EventAllDay":false,"_EventTimezone":"Europe\/Brussels","_EventStartDate":"2014-03-15 00:00:00","_EventEndDate":"2014-03-15 12:30:00","_EventStartDateUTC":"2014-03-14 23:00:00","_EventEndDateUTC":"2014-03-15 11:30:00","_EventShowMap":false,"_EventShowMapLink":false,"_EventURL":"","_EventCost":"","_EventCostDescription":"","_EventCurrencySymbol":"","_EventCurrencyCode":"","_EventCurrencyPosition":"prefix","_EventDateTimeSeparator":"","_EventTimeRangeSeparator":"","_EventOrganizerID":[],"_EventVenueID":[],"_OrganizerEmail":"","_OrganizerPhone":"","_OrganizerWebsite":"","_VenueAddress":"","_VenueCity":"","_VenueCountry":"","_VenueProvince":"","_VenueState":"","_VenueZip":"","_VenuePhone":"","_VenueURL":"","_VenueStateProvince":"","_VenueLat":"","_VenueLng":"","_VenueShowMap":false,"_VenueShowMapLink":false,"_tribe_events_status":"","_tribe_events_status_reason":"","footnotes":""},"tags":[],"tribe_events_cat":[],"class_list":["post-4938","tribe_events","type-tribe_events","status-publish","hentry"],"_links":{"self":[{"href":"https:\/\/gaq.be\/nl\/wp-json\/wp\/v2\/tribe_events\/4938","targetHints":{"allow":["GET"]}}],"collection":[{"href":"https:\/\/gaq.be\/nl\/wp-json\/wp\/v2\/tribe_events"}],"about":[{"href":"https:\/\/gaq.be\/nl\/wp-json\/wp\/v2\/types\/tribe_events"}],"author":[{"embeddable":true,"href":"https:\/\/gaq.be\/nl\/wp-json\/wp\/v2\/users\/1"}],"version-history":[{"count":0,"href":"https:\/\/gaq.be\/nl\/wp-json\/wp\/v2\/tribe_events\/4938\/revisions"}],"wp:attachment":[{"href":"https:\/\/gaq.be\/nl\/wp-json\/wp\/v2\/media?parent=4938"}],"wp:term":[{"taxonomy":"post_tag","embeddable":true,"href":"https:\/\/gaq.be\/nl\/wp-json\/wp\/v2\/tags?post=4938"},{"taxonomy":"tribe_events_cat","embeddable":true,"href":"https:\/\/gaq.be\/nl\/wp-json\/wp\/v2\/tribe_events_cat?post=4938"}],"curies":[{"name":"wp","href":"https:\/\/api.w.org\/{rel}","templated":true}]}}

GAQ: Visite Musée Fin-de-Siècle

<p>Le GAQ organise une visite du nouveau Musée Fin de Siècle qui vient d’être inauguré à Bruxelles. (www.fin-de-siecle-museum.be) / La visite sera commentée par Jean-Philippe Theyskens qui habite notre quartier. / Inscription chez Alain Dewez avant le 10 mars: alaindewez4@gmail.com ou Rue Luther 24 / Coût: le guide (80€) est payé par le GAQ / Chaque participant s’acquitte du prix d’entrée à l’entrée du musée; càd 6 € si nous sommes 20 personnes</p>

<p>Le GAQ organise une visite du nouveau Musée Fin de Siècle qui vient d’être inauguré à Bruxelles. (www.fin-de-siecle-museum.be) / La visite sera commentée par Jean-Philippe Theyskens qui habite notre quartier. [&hellip;]</p>
